c + 4*j + 1421667 = 0, -j + 2843406 = 2*c. Is c a prime number?
False
Suppose -i + 5*b - 556 = 0, 5*i - 3*b = 2*b - 2800. Let s = -310 - i. Is s composite?
False
Let n be ((-6)/4)/((-4)/16). Suppose 0 = -0*p + 6*p + n. Is 2 - (-2 - (218 + p)) prime?
False
Let d(x) = -2*x**3 - 47*x**2 + 30 - 26*x - 11*x**2 + 31. Is d(-30) composite?
True
Let h = 34869 + -23372. Is 54/81 - h/(-3) composite?
False
Suppose 5 = 3*v + 4*b - 63, 0 = v + 3*b - 31. Suppose 0 = -22*c + v*c + 11478. Is c a composite number?
False
Let v(p) = p**3 + 9*p**2 - 6*p - 37. Let c be v(9). Suppose o + 2029 = 3*q, 2*o + 1337 = 4*q - c. Is q composite?
False
Is ((-1451)/2)/((-28)/35336) a composite number?
True
Suppose 0 = -2*i + 7*i + 3*z - 124801, 5*i - 124803 = -4*z. Suppose -f - i = -25*s + 21*s, -s = 2*f - 6251. Is s a prime number?
False
Suppose 116 = 27*c - 802. Let h = 2343 - c. Is h composite?
False
Suppose 0 = d - 5*t + 10, -8 = 4*d - 4*t - 0. Let i(a) = -7*a - 46. Let x be i(d). Let f = 344 + x. Is f prime?
False
Suppose 4*c + 14084 = 2*y, 32*y = 36*y + 4*c - 28132. Suppose -y - 43801 = -29*u. Is u prime?
True
Let x(t) = -t**3 - 12*t**2 + 2. Suppose r + 24 = -r. Let p be x(r). Suppose -12830 = -p*v - 8*v. Is v prime?
True
Let d(t) = -4*t + 108. Let r be d(26). Suppose -b - 2100 = -y, -r*b = -3*y - 5*b + 6304. Is y composite?
True
Suppose 2*b = 22 + 2. Let i be 5*-1*b/(-15). Suppose 2*k + 5*h = 1482 + 407, -4*k + 3792 = -i*h. Is k prime?
True
Let i(j) = 953*j + 111. Let u be i(12). Suppose 10*x - u = 7*x. Is x prime?
False
Let f(r) = 54*r**2 - 8*r + 37. Let p be f(5). Let b = 34 + p. Is b a prime number?
True
Let s(r) = 1422*r**2 + 27*r + 47. Is s(-10) composite?
True
Let c be (11/55)/((-5)/(-100)). Suppose b = u - 655, -3*b + c*b - 663 = -u. Is u a composite number?
False
Let c = 121038 + -55985. Is c composite?
False
Suppose 0 = 7*h + h - 22968. Let a = -1510 + h. Is a a prime number?
True
Suppose -2842 = -0*i - 2*i. Let c be (-6)/((-2)/2) - 318. Let r = i - c. Is r composite?
False
Suppose -6*m - 61*m = 4*m - 8593769. Is m a composite number?
False
Let b(h) = -h + 0*h - 293*h**2 + 661*h**2 - 25 - 3*h. Is b(-3) a prime number?
True
Suppose 0 = -u - 4*u + 105. Let f be (-18)/(u/(-7)) - (1 + 2). Suppose 4*t - 317 = f*t - 3*j, j = -t + 317. Is t a prime number?
True
Suppose -204*l - 3105 = -249*l. Is l a prime number?
False
Let f(m) = 66*m**3 + 9*m**2 + 9*m + 19. Is f(14) a prime number?
False
Suppose 4*v = -16, -j - 4*v = -2*v - 5677. Let g = j - 2026. Is g a prime number?
True
Suppose 986*k = 968*k + 500886. Is k composite?
False
Let s be 482395/8 + 93/8 + -12. Suppose -3*q - 40208 = -2*t, 10*t - 7*t - s = -2*q. Is t prime?
True
Suppose -25108 = -3*m - 0*i - i, 41852 = 5*m - i. Let x = m + -3733. Is x a prime number?
True
Let o(f) = -15576*f - 9497. Is o(-55) a composite number?
True
Let s be (-138)/(-15) + (-5)/(-5 - -30). Suppose -109192 = d - s*d. Is d composite?
False
Suppose 11 = -m + 14. Suppose -f - 1383 = -3756. Suppose t = -m*r + f, -1554 = -4*r + 2*t + 1610. Is r a composite number?
True
Suppose 26*u + 89291 = 27*u + 4*d, 5*d = 4*u - 357206. Is u a composite number?
True
Let v be ((-176)/48)/(-11)*1*-3. Is 568166*v/(-14) + (-32)/112 a prime number?
True
Suppose -26*f = -104468 - 901394. Is f a prime number?
False
Let t(g) = g**3 - 21*g**2 + 20*g + 6. Let u be t(20). Suppose u*h - 2176 = 5*h. Let f = -977 + h. Is f prime?
False
Let z = 1136 + -459. Is z prime?
True
Let o = 247990 + -79077. Is o a composite number?
False
Suppose -5*l = 3*u - 115408, l + u - 23124 = -42. Is l a prime number?
True
Suppose -59*l + 326152 = -55*l + 2*j, -4*l + 326150 = j. Is l composite?
True
Let n(a) = -3482*a + 1863. Is n(-10) a composite number?
False
Suppose 0*s - 21 = -7*s. Let d be (39/12 - s) + (-1)/4. Suppose -2*a - 179 + 1957 = d. Is a composite?
True
Let x = -2 - -9. Let c = x + -4. Suppose -4*a - c*l = -518 - 658, -a - 5*l = -311. Is a prime?
False
Let i = -73998 + 338597. Is i prime?
True
Let t(k) = 4912*k + 1311. Is t(9) a composite number?
True
Let a(y) = 7 - 20 - 58*y + 30*y + 29*y. Let o be a(13). Suppose o = -2*q + 2774 + 4812. Is q prime?
True
Let c(n) = -2*n + 35. Let a be c(16). Suppose -4*l - 9 = h, a*h - 2*l - 7 - 8 = 0. Suppose -894 = k - h*k. Is k composite?
True
Let m = 606369 - 158318. Is m a prime number?
False
Let r(h) be the first derivative of 1136*h**3/3 - 4*h**2 - h - 216. Is r(-2) a composite number?
True
Suppose 0 = -7*g + 3*g - c + 71, 96 = 4*g - 4*c. Suppose 18140 = g*x - 15*x. Is x a prime number?
False
Suppose -4*x + 10 = 3*z, -z + 3*x + 3 = 2*z. Let a(u) = -131*u**2 - 4*u + 1. Let y be a(z). Let t = y + 976. Is t prime?
False
Let q be 7 + 0 - 1/3*12. Let h(r) = -4*r**3 + 9*r**2 - 3*r - 1. Let y(u) = 12*u**3 - 26*u**2 + 9*u + 2. Let m(p) = 11*h(p) + 4*y(p). Is m(q) a prime number?
False
Let p(a) = -257815*a - 848. Is p(-1) composite?
False
Suppose 732581 = 3*x - 2*v, 537*x - 532*x + v - 1220964 = 0. Is x a prime number?
False
Let f = 58 - 56. Suppose f*b + 5168 = -6*b. Let o = 2083 + b. Is o prime?
False
Suppose 0 = 3*n - 2*n + 5*m - 30, n = -4*m + 25. Suppose 0 = -5*u - 3*k + 17950, -10*k = -5*u - n*k + 17990. Is u a prime number?
True
Is 12/(-174) + (-15)/(4785/(-234670139)) prime?
False
Let t(k) = k - 19. Let z be t(22). Suppose 2*l + z*j + 401 = 3*l, 5*j - 2045 = -5*l. Is l composite?
True
Suppose 9*c - 304 - 56 = 0. Let i be -1*1 + -16 + c. Let k(p) = 29*p + 6. Is k(i) composite?
False
Let n(j) = 6*j + 21. Let p = -16 - -23. Let z be n(p). Suppose 1019 + z = 2*w. Is w a prime number?
True
Suppose -8369184 = -156*i + 60*i. Is i composite?
False
Suppose 12*z + 259297 = 130239 + 1139374. Is z a composite number?
True
Let l(o) = 1012 - 981 - 9666*o**2 + 9653*o**2 + o**3. Let v = 0 - -13. Is l(v) a prime number?
True
Let z(d) = 25*d - 7*d - 1363 + 1358. Let h be z(-1). Is (-1 - (21 - 3))*h a prime number?
False
Let u(v) = v**2 - 35. Let r be u(6). Is (r + 4 - -4489) + -1 prime?
True
Suppose f - 80 = -4*m - 3, 3*f + 9 = 0. Is (17972/m)/(1/15) composite?
True
Let d = -33138 + 12057. Is 2/(-5)*30/36*d a prime number?
True
Let k = 46 + -44. Suppose 5*d + 7458 = h, 0*d = 2*h + k*d - 14856. Is h a composite number?
False
Let o(a) = -25*a**2 - 54*a - 394. Let v be o(-15). Suppose -l - 5*t - 3362 = -0*t, 5*l + 16810 = 5*t. Let p = l - v. Is p composite?
False
Let v(r) = 34*r**2 + 230*r - 73. Is v(45) a prime number?
False
Let y(d) = 52*d**3 - 7*d**2 - 25*d - 6. Let i(o) = -35*o**3 + 5*o**2 + 17*o + 4. Let l(k) = 7*i(k) + 5*y(k). Is l(5) composite?
True
Let o(z) = -z**3 + 14*z**2 - 2*z - 44. Let d be o(16). Let m = 2627 + d. Is m a composite number?
False
Let b = 25802 + 68421. Is b a prime number?
False
Let u = 116188 - -12371. Is u a prime number?
False
Let d(s) = s**2 + 13*s - 19. Suppose 24*t - 20*t + 56 = 0. Let a be d(t). Is (1 - a)*397/6 composite?
False
Let l(t) = -t**3 + 10*t**2 + 22*t + 24. Let h be l(12). Suppose -15 = -5*n + 5*u, -4*n = -h*n - u - 24. Is (-58 + n)*4/(-6) a composite number?
True
Let o(d) = -1936829*d**3 - 42*d**2 - 38*d + 4. Is o(-1) composite?
True
Suppose -b = n + 78, -2*b - 5*n - 316 = 2*b. Let a = b + 79. Suppose a*q = -4*v + 6801, -10*v - 4055 = -3*q - 6*v. Is q prime?
False
Let g = 306 + -135. Suppose 0 = 4*v, 3*v - g = 2*w - 3069. Let a = w + -976. Is a prime?
False
Let b = -1780 - -3422. Let s = 3399 - b. Is s a composite number?
True
Let x = -40 - -32. Let r be 3586/10 + x/(-20). Suppose -2*c + c = -r. Is c prime?
True
Let t(u) = 1744*u - 2. Let c be t(2). Let l = -1759 + c. Suppose 0 = -7*f + 72 + l. Is f a composite number?
False
Let g = 124 + -121. Suppose -24 = g*h - 11*h. Suppose -2*q + 5542 = 4*o, -2*q = -5*q - h*o + 8298. Is q a composite number?
True
Is 6 + 3679025/63 + 8/(-36) a composite number?
False
Suppose 44 = 20*a - 9*a. Suppose 4*l - 4*o = 3*l + 2045, 4*l - a*o - 8204 = 0. Is l prime?
True
Suppose -5*t + 343*w = 347*w - 1268145, t + 2*w = 253623. Is t a prime number?
True
Let n = -9226 - -17006. Let l be (10/4)/((-2)/(-4)). Suppose 1355 - n = -l*p. Is p a prime number?
False
Let h(g) = 22*g**3 - 53*g**2 + 25*g - 205. Is h(20) composite?
True
Suppose 178*u = 181*u + 1566. Let l = u - -899. Is l a composite number?
True
Suppose 76 = -4*x - 724. Let o = 8685 - x. Is o a composite number?
True
Let x =